2302 - -3?
13012311
In base 12, what is -26b1 - -7?
-26a6
In base 13, what is 17 + 46299?
462b3
In base 6, what is -11 + -425205?
-425220
In base 2, what is 101001111111000010 - 101?
101001111110111101
In base 2, what is 10 - -1000000011001?
1000000011011
In base 15, what is 0 + 38c1?
38c1
In base 2, what is 1010111 - 10001100110001?
-10001011011010
In base 15, what is -1a3 + -358?
-50b
In base 12, what is -2179 - 6?
-2183
In base 14, what is 507 + 2d7?
800
In base 13, what is 245c86 - 4?
245c82
In base 9, what is -156723 + -7?
-156731
In base 13, what is -33 - 1374?
-13a7
In base 9, what is -2 - 151872?
-151874
In base 15, what is b4a + 293?
ddd
In base 11, what is -82617 - -3?
-82614
In base 4, what is -1002321313 + 1?
-1002321312
In base 2, what is -101000101 + 1010011000?
101010011
In base 16, what is -131 - -b9?
-78
In base 14, what is 3 - 32a73c?
-32a739
In base 15, what is -1c33 + -82?
-1cb5
In base 9, what is 104058 - 2?
104056
In base 16, what is 5b5280 + 3?
5b5283
In base 4, what is -1002030 + -31103?
-1033133
In base 5, what is 11 - -1112243?
1112304
In base 15, what is 4 - -75672?
75676
In base 2, what is -10100001 + -10101010?
-101001011
In base 10, what is 5 + 3503?
3508
In base 9, what is 2128 - -4?
2133
In base 11, what is -31727 + -2?
-31729
In base 5, what is 22 + 11244?
11321
In base 5, what is 2413033 + 1?
2413034
In base 6, what is 1031535 - 0?
1031535
In base 15, what is -192 + -5e?
-201
In base 12, what is -7027 + -3?
-702a
In base 12, what is -b38 - 65?
-ba1
In base 7, what is 5 + -1146545?
-1146540
In base 13, what is -2 - -164c62?
164c60
In base 8, what is -1214 - -46?
-1146
In base 9, what is -41 + 151827?
151776
In base 12, what is -5 + 69a?
695
In base 6, what is -1543 - 12?
-1555
In base 7, what is 0 - 312234?
-312234
In base 5, what is 312402 - 431?
311421
In base 6, what is -1 - -451455?
451454
In base 8, what is -155303 + -5?
-155310
In base 12, what is -122 + -98?
-1ba
In base 9, what is -8 - 3010?
-3018
In base 10, what is -119256 + 2?
-119254
In base 2, what is 1011100000010 + -1011?
1011011110111
In base 14, what is 5 + 796c1?
796c6
In base 11, what is 0 + -a0a32?
-a0a32
In base 12, what is -27617 + -13?
-2762a
In base 3, what is 1 - 122020100?
-122020022
In base 13, what is c5 - -15?
10a
In base 14, what is 7c - 7b?
1
In base 11, what is 551 + 51?
5a2
In base 16, what is -101cb - -1?
-101ca
In base 15, what is -c7 + 3b?
-8b
In base 5, what is 301334413 - -10?
301334423
In base 8, what is -571 - 3770?
-4561
In base 16, what is 7 - -ed0?
ed7
In base 13, what is 59 - -548?
5a4
In base 15, what is -2 + 409e?
409c
In base 6, what is -20552 - 115?
-21111
In base 15, what is -49c - 36?
-4d3
In base 15, what is 2d00 - 96?
2c59
In base 3, what is -200010001 - -111?
-200002120
In base 5, what is 114004443 - -3?
114010001
In base 8, what is -357640 - -3?
-357635
In base 8, what is 7152 - 22?
7130
In base 15, what is -750 - -6bc?
-83
In base 8, what is 1133 + -45?
1066
In base 9, what is 6001 + -65?
5825
In base 13, what is -1 + aa02c?
aa02b
In base 5, what is 1343 - -230322?
232220
In base 16, what is -726 + 29e?
-488
In base 10, what is -26 - -41912?
41886
In base 7, what is -104 - -2142?
2035
In base 12, what is -924132 - -5?
-924129
In base 13, what is 8 - 31016?
-3100b
In base 4, what is -13103 - -30202?
11033
In base 8, what is 27752 + -75?
27655
In base 16, what is 0 + -41e1a?
-41e1a
In base 14, what is 4 + 10431?
10435
In base 10, what is 3 - 820225?
-820222
In base 9, what is 141038 + -5?
141033
In base 12, what is -3195 + 337?
-2a5a
In base 9, what is 185237 + 5?
185243
In base 9, what is 1137 + 54?
1202
In base 6, what is 153 + -11452?
-11255
In base 6, what is -2532 + 454?
-2034
In base 14, what is -14 - -213a8?
21394
In base 14, what is -9 + b81?
b76
In base 11, what is 3 - 51013?
-51010
In base 14, what is -4a - 386?
-3d2
In base 11, what is 0 + -188766?
-188766
In base 15, what is -5d - -30bb?
305d
In base 6, what is 11411031 - -5?
11411040
In base 3, what is 120212120 + 111201?
121101021
In base 14, what is 7 - -597a?
5983
In base 4, what is 3 + -222313?
-222310
In base 5, what is -14032 - 1024?
-20111
In base 15, what is 1a35 + b?
1a41
In base 8, what is 11404 - 3?
11401
In base 3, what is -2020200200 + 1?
-2020200122
In base 2, what is 1011001000 - 1000010?
1010000110
In base 5, what is 33011440 + -31?
33011404
In base 16, what is bc8 + -6?
bc2
In base 8, what is 3057 - -10?
3067
In base 3, what is -111222022 - -10?
-111222012
In base 8, what is -3 + -256203?
-256206
In base 9, what is 458522 + 4?
458526
In base 9, what is 17421 + -2?
17418
In base 4, what is -1312200 - -22?
-1312112
In base 8, what is -3 + 15126?
15123
In base 14, what is -10db - -b?
-10d0
In base 16, what is -3 + -444e9?
-444ec
In base 16, what is 8b17 - -d?
8b24
In base 5, what is 22 + 4103301?
4103323
In base 12, what is -1153 + 1?
-1152
In base 16, what is -8 - -929?
921
In base 16, what is -86b6 - 2?
-86b8
In base 16, what is 594 - 1ce?
3c6
In base 13, what is -13a5 - 51?
-1426
In base 4, what is 21 + 33012?
33033
In base 16, what is 4 + 2015?
2019
In base 2, what is -110011 + -111100100?
-1000010111
In base 12, what is -2a3 - 521?
-804
In base 8, what is 506 - -212?
720
In base 14, what is 29 - c988?
-c95d
In base 6, what is 14120 + 10?
14130
In base 9, what is 427 + -165?
252
In base 14, what is -b + 563?
556
In base 3, what is 202 - -100100?
101002
In base 6, what is -413555455 - -3?
-413555452
In base 7, what is -1535 + -112?
-1650
In base 6, what is 1 + -143332?
-143331
In base 16, what is 800 + 317?
b17
In base 4, what is -10121000000 - 0?
-10121000000
In base 13, what is 5c + 4a?
a9
In base 7, what is 2312 + 3150?
5462
In base 4, what is 12121 + 102?
12223
In base 7, what is 322105 + -6?
322066
In base 14, what is 48 - -2063?
20ab
In base 12, what is 4b - 107?
-78
In base 5, what is -3023 - 10?
-3033
In base 8, what is -4675765 + 0?
-4675765
In base 13, what is -10 + a504b?
a503b
In base 15, what is -8a2 + 50?
-852
In base 7, what is 120231 + 3?
120234
In base 9, what is 611 - 112?
488
In base 7, what is -4246422 + 3?
-4246416
In base 4, what is 131 + 1000003?
1000200
In base 9, what is 565 + -55?
510
In base 3, what is 200 + 2011012212?
2011020112
In base 12, what is 1240 + -178?
1084
In base 7, what is -4 + -11032?
-11036
In base 4, what is -11130213 - 301?
-11131120
In base 15, what is 0 - ad24?
-ad24
In base 12, what is -4 - -1607?
1603
In base 12, what is -104 + 2b18?
2a14
In base 15, what is -35 + -55?
-8a
In base 15, what is -3 + -40187?
-4018a
In base 16, what is -23 - -688?
665
In base 4, what is -1013001 - 200?
-1013201
In base 5, what is -1032 - 1013100?
-1014132
In base 5, what is 2311201 + 4?
2311210
In base 2, what is -110000001010010001000 - -10?
-110000001010010000110
In base 8, what is -10437 + -170?
-10627
In base 13, what is 4b89 + c?
4b98
In base 14, what is 102 - -890?
992
In base 4, what is -22100 - -333?
-21101
In base 5, what is -10 - -323330?
323320
In base 8, what is -166404 - 2?
-166406
In base 3, what is 10112 + 10111?
21000
In base 14, what is -3 - 6608?
-660b
In base 16, what is 12a - -c2?
1ec
In base 2, what is 100 + -10011001111111100011?
-10011001111111011111
In base 16, what is 34 - -935?
969
In base 5, what is 4 + -242212?
-242203
In base 7, what is -10535 + -54?
-10622
In base 6, what is 1 + -10021255?
-10021254
In base 12, what is 42618 - -1?
42619
In base 12, what is -169 + -4954?
-4b01
In base 14, what is 18d8 + 2?
18da
In base 11, what is a7 + 366?
462
In base 14, what is 3c1 + -2c?
393
In base 8, what is 336 - -1272?
1630
In base 13, what is 24 + 4521?
4545
In base 4, what is 10211 - 232?
3313
In base 3, what is 2100200102 + -220?
2100122112
In base 16, what is -13 - -4063?
4050
In base 13, what is -114a52 - 1?
-114a53
In base 4, what is 10211 + -1023?
3122
In base 6, what is 4005020 - -5?
4005025
In base 16, what is -4 + -27a5?
-27a9
In base 10, what is 31 - 16532?
-16501
In base 8, what is 23201 + 26?
23227
In base 14, what is 41 + 325?
366
In base 7, what is -54 - 110162?
-110246
In base 4, what is -31110 - -13311?
-11133
In base 8, what is -2223454 + 0?
-2223454
In base 13, what is 1751 + 2a?
177b
In base 11, what is -2 + -7825?
-7827
In base 14, what is -31c7c + -3?
-31c